2
What is the thousands digit of 48222?
8
What is the hundreds digit of 4330?
3
What is the tens digit of 1830?
3
What is the units digit of 8133?
3
What is the tens digit of 2528?
2
What is the ten thousands digit of 15014?
1
What is the ten thousands digit of 13846?
1
What is the thousands digit of 1809?
1
What is the units digit of 115?
5
What is the hundreds digit of 42342?
3
What is the thousands digit of 1525?
1
What is the units digit of 156?
6
What is the units digit of 180?
0
What is the tens digit of 342?
4
What is the hundreds digit of 510?
5
What is the hundreds digit of 33233?
2
What is the hundreds digit of 2927?
9
What is the hundreds digit of 27757?
7
What is the thousands digit of 26883?
6
What is the thousands digit of 87123?
7
What is the tens digit of 5831?
3
What is the tens digit of 1637?
3
What is the tens digit of 5022?
2
What is the thousands digit of 6079?
6
What is the tens digit of 841?
4
What is the ten thousands digit of 15548?
1
What is the tens digit of 481?
8
What is the hundreds digit of 35487?
4
What is the tens digit of 619?
1
What is the tens digit of 24509?
0
What is the units digit of 1030?
0
What is the ten thousands digit of 66402?
6
What is the units digit of 635?
5
What is the ten thousands digit of 29755?
2
What is the ten thousands digit of 25791?
2
What is the thousands digit of 3047?
3
What is the units digit of 21255?
5
What is the thousands digit of 17881?
7
What is the ten thousands digit of 39400?
3
What is the hundreds digit of 997?
9
What is the hundreds digit of 262?
2
What is the hundreds digit of 169120?
1
What is the units digit of 83?
3
What is the tens digit of 5116?
1
What is the tens digit of 54860?
6
What is the tens digit of 44130?
3
What is the tens digit of 91267?
6
What is the hundreds digit of 753?
7
What is the units digit of 772?
2
What is the thousands digit of 3076?
3
What is the tens digit of 118483?
8
What is the hundreds digit of 12197?
1
What is the hundreds digit of 74743?
7
What is the tens digit of 1062?
6
What is the hundreds digit of 2979?
9
What is the tens digit of 3531?
3
What is the hundreds digit of 3994?
9
What is the ten thousands digit of 62507?
6
What is the units digit of 239?
9
What is the units digit of 10245?
5
What is the tens digit of 116457?
5
What is the hundreds digit of 2496?
4
What is the tens digit of 64125?
2
What is the hundreds digit of 808?
8
What is the hundred thousands digit of 147490?
1
What is the hundreds digit of 6046?
0
What is the hundreds digit of 24100?
1
What is the units digit of 7738?
8
What is the tens digit of 137?
3
What is the thousands digit of 1122?
1
What is the hundreds digit of 613?
6
What is the hundreds digit of 3863?
8
What is the tens digit of 17255?
5
What is the units digit of 991?
1
What is the tens digit of 873?
7
What is the units digit of 36064?
4
What is the hundreds digit of 4986?
9
What is the tens digit of 10739?
3
What is the hundreds digit of 10127?
1
What is the hundreds digit of 18322?
3
What is the hundreds digit of 54197?
1
What is the units digit of 576?
6
What is the hundreds digit of 7979?
9
What is the tens digit of 1407?
0
What is the hundreds digit of 9207?
2
What is the tens digit of 35336?
3
What is the thousands digit of 6166?
6
What is the ten thousands digit of 60118?
6
What is the tens digit of 1196?
9
What is the tens digit of 15356?
5
What is the units digit of 1272?
2
What is the hundreds digit of 105900?
9
What is the units digit of 531?
1
What is the hundreds digit of 8133?
1
What is the units digit of 277?
7
What is the tens digit of 13982?
8
What is the hundreds digit of 80296?
2
What is the tens digit of 11078?
7
What is the thousands digit of 1434?
1
What is the thousands digit of 7555?
7
What is the tens digit of 519?
1
What is the units digit of 6354?
4
What is the thousands digit of 1710?
1
What is the thousands digit of 2406?
2
What is the hundreds digit of 279?
2
What is the thousands digit of 6020?
6
What is the units digit of 58554?
4
What is the tens digit of 43664?
6
What is the thousands digit of 27770?
7
What is the units digit of 1654?
4
What is the hundreds digit of 24351?
3
What is the tens digit of 99880?
8
What is the units digit of 4909?
9
What is the hundreds digit of 1618?
6
What is the hundreds digit of 7874?
8
What is the hundreds digit of 34220?
2
What is the hundreds digit of 370?
3
What is the units digit of 10643?
3
What is the ten thousands digit of 79278?
7
What is the thousands digit of 5209?
5
What is the thousands digit of 1684?
1
What is the units digit of 8870?
0
What is the hundreds digit of 2056?
0
What is the units digit of 4042?
2
What is the ten thousands digit of 51515?
5
What is the units digit of 9265?
5
What is the ten thousands digit of 82527?
8
What is the hundreds digit of 314?
3
What is the hundreds digit of 53025?
0
What is the units digit of 15064?
4
What is the tens digit of 23218?
1
What is the hundreds digit of 8739?
7
What is the hundreds digit of 886?
8
What is the units digit of 13614?
4
What is the thousands digit of 14718?
4
What is the units digit of 394?
4
What is the thousands digit of 46911?
6
What is the hundreds digit of 279?
2
What is the thousands digit of 4547?
4
What is the tens digit of 9533?
3
What is the hundreds digit of 7409?
4
What is the hundreds digit of 4255?
2
What is the ten thousands digit of 44296?
4
What is the units digit of 84?
4
What is the units digit of 2658?
8
What is the hundreds digit of 3990?
9
What is the units digit of 5062?
2
What is the ten thousands digit of 31037?
3
What is the thousands digit of 4573?
4
What is the hundreds digit of 1341?
3
What is the tens digit of 4608?
0
What is the tens digit of 1990?
9
What is the tens digit of 1864?
6
What is the hundreds digit of 1307?
3
What is the ten thousands digit of 85507?
8
What is the hundreds digit of 2029?
0
What is the ten thousands digit of 83285?
8
What is the thousands digit of 6518?
6
What is the ten thousands digit of 14239?
1
What is the thousands digit of 1664?
1
What is the hundreds digit of 6086?
0
What is the units digit of 4794?
4
What is the tens digit of 5350?
5
What is the units digit of 25692?
2
What is the thousands digit of 7863?
7
What is the units digit of 5426?
6
What is the hundreds digit of 9321?
3
What is the ten thousands digit of 17738?
1
What is the thousands digit of 3207?
3
What is the thousands digit of 4418?
4
What is the thousands digit of 4753?
4
What is the units digit of 1634?
4
What is the tens digit of 17563?
6
What is the units digit of 36?
6
What is the hundreds digit of 13455?
4
What is the hundreds digit of 601?
6
What is the units digit of 115144?
4
What is the hundreds digit of 5267?
2
What is the thousands digit of 173287?
3
What is the thousands digit of 1981?
1
What is the thousands digit of 9233?
9
What is the ten thousands digit of 25270?
2
What is the thousands digit of 25814?
5
What is the units digit of 178143?
3
What is the tens digit of 5717?
1
What is the thousands digit of 54145?
4
What is the units digit of 1080?
0
What is the hundreds digit of 142?
1
What is the units digit of 16612?
2
What is the hundreds digit of 18129?
1
What is the hundreds digit of 2912?
9
What is the ten thousands digit of 32188?
3
What is the tens digit of 333?
3
What is the thousands digit of 1747?
1
What is the units digit of 32695?
5
What is the tens digit of 2247?
4
What is the thousands digit of 2774?
2
What is the units digit of 2972?
2
What is the tens digit of 1139?
3
What is the ten thousands digit of 17085?
1
What is the units digit of 5503?
3
What is the thousands digit of 19601?
9
What is the tens digit of 347?
4
What is the tens digit of 7817?
1
What is the units digit of 1920?
0
What is the hundreds digit of 6031?
0
What is the units digit of 242?
2
What is the hundreds digit of 38545?
5
What is the tens digit of 330?
3
What is the tens digit of 8207?
0
What is the units digit of 810?
0
What is the units digit of 11000?
0
What is the tens digit of 4326?
2
What is the tens digit of 10476?
7
What is the tens digit of 58798?
9
What is the units digit of 8834?
4
What is the thousands digit of 6377?
6
What is the units digit of 2244?
4
What is the ten thousands digit of 14175?
1
What is the 